{"id":885,"date":"2019-01-03T17:45:10","date_gmt":"2019-01-03T17:45:10","guid":{"rendered":"http:\/\/casademacau.pt\/?page_id=885"},"modified":"2019-01-28T17:26:31","modified_gmt":"2019-01-28T17:26:31","slug":"memoria","status":"publish","type":"page","link":"https:\/\/casademacau.pt\/?page_id=885","title":{"rendered":"Mem\u00f3ria"},"content":{"rendered":"\n<p>Nesta sec\u00e7\u00e3o, ser\u00e3o colocados textos, fotos e v\u00eddeos de Macau do passado, assim como das iniciativas da Casa de Macau e do Conselho das Comunidades, tais como os Encontros dos Macaenses, anteriormente conhecidos como Romagens. Utilize os sub-itens do menu &#8220;Mem\u00f3rias&#8221; para aceder aos conte\u00fados. Obrigado!<\/p>\n","protected":false},"excerpt":{"rendered":"<p>Nesta sec\u00e7\u00e3o, ser\u00e3o colocados textos, fotos e v\u00eddeos de Macau do passado, assim como das iniciativas da Casa de Macau e do Conselho das Comunidades, tais como os Encontros dos Macaenses, anteriormente conhecidos como Romagens. Utilize os sub-itens do menu &#8220;Mem\u00f3rias&#8221; para aceder aos conte\u00fados. Obrigado!<\/p>\n","protected":false},"author":1,"featured_media":0,"parent":0,"menu_order":0,"comment_status":"closed","ping_status":"closed","template":"","meta":{"footnotes":""},"class_list":["post-885","page","type-page","status-publish","hentry","entry"],"_links":{"self":[{"href":"https:\/\/casademacau.pt\/index.php?rest_route=\/wp\/v2\/pages\/885","targetHints":{"allow":["GET"]}}],"collection":[{"href":"https:\/\/casademacau.pt\/index.php?rest_route=\/wp\/v2\/pages"}],"about":[{"href":"https:\/\/casademacau.pt\/index.php?rest_route=\/wp\/v2\/types\/page"}],"author":[{"embeddable":true,"href":"https:\/\/casademacau.pt\/index.php?rest_route=\/wp\/v2\/users\/1"}],"replies":[{"embeddable":true,"href":"https:\/\/casademacau.pt\/index.php?rest_route=%2Fwp%2Fv2%2Fcomments&post=885"}],"version-history":[{"count":3,"href":"https:\/\/casademacau.pt\/index.php?rest_route=\/wp\/v2\/pages\/885\/revisions"}],"predecessor-version":[{"id":1182,"href":"https:\/\/casademacau.pt\/index.php?rest_route=\/wp\/v2\/pages\/885\/revisions\/1182"}],"wp:attachment":[{"href":"https:\/\/casademacau.pt\/index.php?rest_route=%2Fwp%2Fv2%2Fmedia&parent=885"}],"curies":[{"name":"wp","href":"https:\/\/api.w.org\/{rel}","templated":true}]}}

Memória

<p>Nesta secção, serão colocados textos, fotos e vídeos de Macau do passado, assim como das iniciativas da Casa de Macau e do Conselho das Comunidades, tais como os Encontros dos Macaenses, anteriormente conhecidos como Romagens. Utilize os sub-itens do menu &#8220;Memórias&#8221; para aceder aos conteúdos. Obrigado!</p>
