{"id":1009,"date":"2019-01-08T19:24:05","date_gmt":"2019-01-08T19:24:05","guid":{"rendered":"http:\/\/casademacau.pt\/?page_id=1009"},"modified":"2019-01-27T14:12:54","modified_gmt":"2019-01-27T14:12:54","slug":"encontro-das-comunidades-macaenses-2019","status":"publish","type":"page","link":"https:\/\/casademacau.pt\/?page_id=1009","title":{"rendered":"Encontro das Comunidades Macaenses 2019"},"content":{"rendered":"\n<p><\/p>\n\n\n\n<p>O Conselho Permanente do Conselho das Comunidades Macaenses decidiu que o Encontro \u201cMacau 2019\u201d se realizar\u00e1 entre 23 e 29 de Novembro de 2019. Por enquanto n\u00e3o temos mais informa\u00e7\u00f5es sobre o evento, mas ser\u00e3o disponibilizadas nesta p\u00e1gina \u00e0 medida que forem surgindo.<\/p>\n","protected":false},"excerpt":{"rendered":"<p>O Conselho Permanente do Conselho das Comunidades Macaenses decidiu que o Encontro \u201cMacau 2019\u201d se realizar\u00e1 entre 23 e 29 de Novembro de 2019. Por enquanto n\u00e3o temos mais informa\u00e7\u00f5es sobre o evento, mas ser\u00e3o disponibilizadas nesta p\u00e1gina \u00e0 medida que forem surgindo.<\/p>\n","protected":false},"author":1,"featured_media":0,"parent":0,"menu_order":0,"comment_status":"closed","ping_status":"closed","template":"","meta":{"footnotes":""},"class_list":["post-1009","page","type-page","status-publish","hentry","entry"],"_links":{"self":[{"href":"https:\/\/casademacau.pt\/index.php?rest_route=\/wp\/v2\/pages\/1009","targetHints":{"allow":["GET"]}}],"collection":[{"href":"https:\/\/casademacau.pt\/index.php?rest_route=\/wp\/v2\/pages"}],"about":[{"href":"https:\/\/casademacau.pt\/index.php?rest_route=\/wp\/v2\/types\/page"}],"author":[{"embeddable":true,"href":"https:\/\/casademacau.pt\/index.php?rest_route=\/wp\/v2\/users\/1"}],"replies":[{"embeddable":true,"href":"https:\/\/casademacau.pt\/index.php?rest_route=%2Fwp%2Fv2%2Fcomments&post=1009"}],"version-history":[{"count":2,"href":"https:\/\/casademacau.pt\/index.php?rest_route=\/wp\/v2\/pages\/1009\/revisions"}],"predecessor-version":[{"id":1116,"href":"https:\/\/casademacau.pt\/index.php?rest_route=\/wp\/v2\/pages\/1009\/revisions\/1116"}],"wp:attachment":[{"href":"https:\/\/casademacau.pt\/index.php?rest_route=%2Fwp%2Fv2%2Fmedia&parent=1009"}],"curies":[{"name":"wp","href":"https:\/\/api.w.org\/{rel}","templated":true}]}}

<p></p>



<p>O Conselho Permanente do Conselho das Comunidades Macaenses decidiu que o Encontro “Macau 2019” se realizará entre 23 e 29 de Novembro de 2019. Por enquanto não temos mais informações sobre o evento, mas serão disponibilizadas nesta página à medida que forem surgindo.</p>

<p>O Conselho Permanente do Conselho das Comunidades Macaenses decidiu que o Encontro “Macau 2019” se realizará entre 23 e 29 de Novembro de 2019. Por enquanto não temos mais informações sobre o evento, mas serão disponibilizadas nesta página à medida que forem surgindo.</p>
