{"id":1007,"date":"2019-01-08T19:24:05","date_gmt":"2019-01-08T19:24:05","guid":{"rendered":"http:\/\/casademacau.pt\/?page_id=1007"},"modified":"2019-01-28T14:41:19","modified_gmt":"2019-01-28T14:41:19","slug":"encontros-das-comunidades-macaenses","status":"publish","type":"page","link":"https:\/\/casademacau.pt\/?page_id=1007","title":{"rendered":"Encontros das Comunidades Macaenses"},"content":{"rendered":"\t\t<div data-elementor-type=\"post\" data-elementor-id=\"1007\" class=\"elementor elementor-1007\" data-elementor-settings=\"[]\">\n\t\t\t<div class=\"elementor-inner\">\n\t\t\t\t<div class=\"elementor-section-wrap\">\n\t\t\t\t\t\t\t<section data-id=\"6065b88a\" class=\"elementor-element elementor-element-6065b88a elementor-section-boxed elementor-section-height-default elementor-section-height-default elementor-section elementor-top-section\" data-element_type=\"section\">\n\t\t\t\t\t\t<div class=\"elementor-container elementor-column-gap-default\">\n\t\t\t\t<div class=\"elementor-row\">\n\t\t\t\t<div data-id=\"37ff5c01\" class=\"elementor-element elementor-element-37ff5c01 elementor-column elementor-col-100 elementor-top-column\" data-element_type=\"column\">\n\t\t\t<div class=\"elementor-column-wrap  elementor-element-populated\">\n\t\t\t\t\t<div class=\"elementor-widget-wrap\">\n\t\t\t\t<div data-id=\"7fdcf99d\" class=\"elementor-element elementor-element-7fdcf99d elementor-widget elementor-widget-text-editor\" data-element_type=\"text-editor.default\">\n\t\t\t\t<div class=\"elementor-widget-container\">\n\t\t\t\t\t<div class=\"elementor-text-editor elementor-clearfix\"><p><!-- wp:paragraph --><\/p>\n<p>Os restantes conte\u00fados ser\u00e3o adicionados em breve. Obrigado!<\/p>\n<p><!-- \/wp:paragraph --><\/p><\/div>\n\t\t\t\t<\/div>\n\t\t\t\t<\/div>\n\t\t\t\t\t\t<\/div>\n\t\t\t<\/div>\n\t\t<\/div>\n\t\t\t\t\t\t<\/div>\n\t\t\t<\/div>\n\t\t<\/section>\n\t\t\t\t<section data-id=\"4f5c2bc\" class=\"elementor-element elementor-element-4f5c2bc elementor-section-boxed elementor-section-height-default elementor-section-height-default elementor-section elementor-top-section\" data-element_type=\"section\">\n\t\t\t\t\t\t<div class=\"elementor-container elementor-column-gap-default\">\n\t\t\t\t<div class=\"elementor-row\">\n\t\t\t\t<div data-id=\"c72435a\" class=\"elementor-element elementor-element-c72435a elementor-column elementor-col-100 elementor-top-column\" data-element_type=\"column\">\n\t\t\t<div class=\"elementor-column-wrap  elementor-element-populated\">\n\t\t\t\t\t<div class=\"elementor-widget-wrap\">\n\t\t\t\t<div data-id=\"3465f89\" class=\"elementor-element elementor-element-3465f89 elementor-widget elementor-widget-text-editor\" data-element_type=\"text-editor.default\">\n\t\t\t\t<div class=\"elementor-widget-container\">\n\t\t\t\t\t<div class=\"elementor-text-editor elementor-clearfix\"><p style=\"font-style: normal; font-variant-caps: normal; margin-top: 10px; margin-bottom: 15px; caret-color: #646464; color: #646464; font-family: Arial, Helvetica, sans-serif; font-size: 12px;\">A RTP Internacional exibiu um document\u00e1rio sobre o Encontro das Comunidades Macaenses &#8220;Macau 2010&#8221;, no Magazine Macau Contacto. A 1\u00aa parte deste document\u00e1rio foi para o ar no dia 8 de Mar\u00e7o de 2011, e a 2\u00aa no dia 22.<\/p>\n<p style=\"font-style: normal; font-variant-caps: normal; margin-top: 10px; margin-bottom: 15px; caret-color: #646464; color: #646464; font-family: Arial, Helvetica, sans-serif; font-size: 12px;\">Para ver o programa clique nos links abaixo:<\/p>\n<p style=\"font-style: normal; font-variant-caps: normal; margin-top: 10px; margin-bottom: 15px; caret-color: #646464; color: #646464; font-family: Arial, Helvetica, sans-serif; font-size: 12px;\">\u00a0<\/p>\n<p style=\"font-style: normal; font-variant-caps: normal; margin-top: 10px; margin-bottom: 15px; caret-color: #646464; color: #646464; font-family: Arial, Helvetica, sans-serif; font-size: 12px;\">O Encontro das Comunidades Macaenses realizou-se de 28 de Novembro a 5 de Dezembro de 2010. Macaenses vindos de v\u00e1rios pa\u00edses reuniram-se em Macau, naquela que foi, para muitos, uma oportunidade de rever amigos e matar saudades da terra, das pessoas e, claro, da comida.\u00a0<\/p>\n<p style=\"font-style: normal; font-variant-caps: normal; margin-top: 10px; margin-bottom: 15px; caret-color: #646464; color: #646464; font-family: Arial, Helvetica, sans-serif; font-size: 12px;\">\u00a0<img loading=\"lazy\" decoding=\"async\" style=\"border-width: 0px;\" src=\"https:\/\/web.archive.org\/web\/20160320205257im_\/http:\/\/casademacau.pt\/images\/stories\/eventos\/2010-encontro-das-comunidades-macaenses\/foto-de-grupo-ecm2010.jpg\" alt=\"foto-de-grupo-ecm2010\" width=\"480\" height=\"291\" \/><\/p>\n<p style=\"font-style: normal; font-variant-caps: normal; margin-top: 10px; margin-bottom: 15px; caret-color: #646464; color: #646464; font-family: Arial, Helvetica, sans-serif; font-size: 12px;\">O Jornal Tribuna de Macau, Jornal Oficial do Encontro, acompanhou todos os acontecimentos deste evento.<\/p>\n<p style=\"font-style: normal; font-variant-caps: normal; margin-top: 10px; margin-bottom: 15px; caret-color: #646464; color: #646464; font-family: Arial, Helvetica, sans-serif; font-size: 12px;\">\u00a0<\/p>\n<p>\u00a0<\/p><\/div>\n\t\t\t\t<\/div>\n\t\t\t\t<\/div>\n\t\t\t\t\t\t<\/div>\n\t\t\t<\/div>\n\t\t<\/div>\n\t\t\t\t\t\t<\/div>\n\t\t\t<\/div>\n\t\t<\/section>\n\t\t\t\t\t\t<\/div>\n\t\t\t<\/div>\n\t\t<\/div>\n\t\t","protected":false},"excerpt":{"rendered":"<p>Os restantes conte\u00fados ser\u00e3o adicionados em breve. Obrigado! A RTP Internacional exibiu um document\u00e1rio sobre o Encontro das Comunidades Macaenses &#8220;Macau 2010&#8221;, no Magazine Macau Contacto. A 1\u00aa parte deste document\u00e1rio foi para o ar no dia 8 de Mar\u00e7o de 2011, e a 2\u00aa no dia 22. Para ver o programa clique nos links [&hellip;]<\/p>\n","protected":false},"author":1,"featured_media":0,"parent":0,"menu_order":0,"comment_status":"closed","ping_status":"closed","template":"","meta":{"footnotes":""},"class_list":["post-1007","page","type-page","status-publish","hentry","entry"],"_links":{"self":[{"href":"https:\/\/casademacau.pt\/index.php?rest_route=\/wp\/v2\/pages\/1007","targetHints":{"allow":["GET"]}}],"collection":[{"href":"https:\/\/casademacau.pt\/index.php?rest_route=\/wp\/v2\/pages"}],"about":[{"href":"https:\/\/casademacau.pt\/index.php?rest_route=\/wp\/v2\/types\/page"}],"author":[{"embeddable":true,"href":"https:\/\/casademacau.pt\/index.php?rest_route=\/wp\/v2\/users\/1"}],"replies":[{"embeddable":true,"href":"https:\/\/casademacau.pt\/index.php?rest_route=%2Fwp%2Fv2%2Fcomments&post=1007"}],"version-history":[{"count":3,"href":"https:\/\/casademacau.pt\/index.php?rest_route=\/wp\/v2\/pages\/1007\/revisions"}],"predecessor-version":[{"id":1136,"href":"https:\/\/casademacau.pt\/index.php?rest_route=\/wp\/v2\/pages\/1007\/revisions\/1136"}],"wp:attachment":[{"href":"https:\/\/casademacau.pt\/index.php?rest_route=%2Fwp%2Fv2%2Fmedia&parent=1007"}],"curies":[{"name":"wp","href":"https:\/\/api.w.org\/{rel}","templated":true}]}}

<div data-elementor-type="post" data-elementor-id="1007" class="elementor elementor-1007" data-elementor-settings="[]">
			<div class="elementor-inner">
				<div class="elementor-section-wrap">
							<section data-id="6065b88a" class="elementor-element elementor-element-6065b88a elementor-section-boxed elementor-section-height-default elementor-section-height-default elementor-section elementor-top-section" data-element_type="section">
						<div class="elementor-container elementor-column-gap-default">
				<div class="elementor-row">
				<div data-id="37ff5c01" class="elementor-element elementor-element-37ff5c01 elementor-column elementor-col-100 elementor-top-column" data-element_type="column">
			<div class="elementor-column-wrap  elementor-element-populated">
					<div class="elementor-widget-wrap">
				<div data-id="7fdcf99d" class="elementor-element elementor-element-7fdcf99d elementor-widget elementor-widget-text-editor" data-element_type="text-editor.default">
				<div class="elementor-widget-container">
					<div class="elementor-text-editor elementor-clearfix"><p><!-- wp:paragraph --></p>
<p>Os restantes conteúdos serão adicionados em breve. Obrigado!</p>
<p><!-- /wp:paragraph --></p></div>
				</div>
				</div>
						</div>
			</div>
		</div>
						</div>
			</div>
		</section>
				<section data-id="4f5c2bc" class="elementor-element elementor-element-4f5c2bc elementor-section-boxed elementor-section-height-default elementor-section-height-default elementor-section elementor-top-section" data-element_type="section">
						<div class="elementor-container elementor-column-gap-default">
				<div class="elementor-row">
				<div data-id="c72435a" class="elementor-element elementor-element-c72435a elementor-column elementor-col-100 elementor-top-column" data-element_type="column">
			<div class="elementor-column-wrap  elementor-element-populated">
					<div class="elementor-widget-wrap">
				<div data-id="3465f89" class="elementor-element elementor-element-3465f89 elementor-widget elementor-widget-text-editor" data-element_type="text-editor.default">
				<div class="elementor-widget-container">
					<div class="elementor-text-editor elementor-clearfix"><p style="font-style: normal; font-variant-caps: normal; margin-top: 10px; margin-bottom: 15px; caret-color: #646464; color: #646464; font-family: Arial, Helvetica, sans-serif; font-size: 12px;">A RTP Internacional exibiu um documentário sobre o Encontro das Comunidades Macaenses &#8220;Macau 2010&#8221;, no Magazine Macau Contacto. A 1ª parte deste documentário foi para o ar no dia 8 de Março de 2011, e a 2ª no dia 22.</p>
<p style="font-style: normal; font-variant-caps: normal; margin-top: 10px; margin-bottom: 15px; caret-color: #646464; color: #646464; font-family: Arial, Helvetica, sans-serif; font-size: 12px;">Para ver o programa clique nos links abaixo:</p>
<p style="font-style: normal; font-variant-caps: normal; margin-top: 10px; margin-bottom: 15px; caret-color: #646464; color: #646464; font-family: Arial, Helvetica, sans-serif; font-size: 12px;"> </p>
<p style="font-style: normal; font-variant-caps: normal; margin-top: 10px; margin-bottom: 15px; caret-color: #646464; color: #646464; font-family: Arial, Helvetica, sans-serif; font-size: 12px;">O Encontro das Comunidades Macaenses realizou-se de 28 de Novembro a 5 de Dezembro de 2010. Macaenses vindos de vários países reuniram-se em Macau, naquela que foi, para muitos, uma oportunidade de rever amigos e matar saudades da terra, das pessoas e, claro, da comida. </p>
<p style="font-style: normal; font-variant-caps: normal; margin-top: 10px; margin-bottom: 15px; caret-color: #646464; color: #646464; font-family: Arial, Helvetica, sans-serif; font-size: 12px;"> <img loading="lazy" decoding="async" style="border-width: 0px;" src="https://web.archive.org/web/20160320205257im_/http://casademacau.pt/images/stories/eventos/2010-encontro-das-comunidades-macaenses/foto-de-grupo-ecm2010.jpg" alt="foto-de-grupo-ecm2010" width="480" height="291" /></p>
<p style="font-style: normal; font-variant-caps: normal; margin-top: 10px; margin-bottom: 15px; caret-color: #646464; color: #646464; font-family: Arial, Helvetica, sans-serif; font-size: 12px;">O Jornal Tribuna de Macau, Jornal Oficial do Encontro, acompanhou todos os acontecimentos deste evento.</p>
<p style="font-style: normal; font-variant-caps: normal; margin-top: 10px; margin-bottom: 15px; caret-color: #646464; color: #646464; font-family: Arial, Helvetica, sans-serif; font-size: 12px;"> </p>
<p> </p></div>
				</div>
				</div>
						</div>
			</div>
		</div>
						</div>
			</div>
		</section>
						</div>
			</div>
		</div>

<p>Os restantes conteúdos serão adicionados em breve. Obrigado! A RTP Internacional exibiu um documentário sobre o Encontro das Comunidades Macaenses &#8220;Macau 2010&#8221;, no Magazine Macau Contacto. A 1ª parte deste documentário foi para o ar no dia 8 de Março de 2011, e a 2ª no dia 22. Para ver o programa clique nos links [&hellip;]</p>
